*2/2 + 278*z. Is o(8) a composite number?
False
Suppose -51 = 26*q + 391. Is ((-47062)/(-10))/(q/(-85)) composite?
False
Suppose -2496 = -55*h + 47*h. Let z = -217 + h. Is z a prime number?
False
Suppose z = -w, 3*w + 14 = 8*w - 2*z. Suppose 4*t = 3*p + 890, -w*p - 16 + 12 = 0. Is t composite?
True
Let r = 969151 - 634002. Is r a composite number?
False
Suppose -4*x - 20 = 0, 0 = -4*v - 2*x + 83519 + 155503. Is v a prime number?
False
Let s(d) = -3114*d - 50. Let a be s(-8). Suppose -1877 = m + 2*z - a, 3*z = -3. Is m a composite number?
True
Suppose -2*w - 5*z + 9*z = -17620, 17625 = 2*w + z. Suppose -78*v + w = -74*v. Is v a prime number?
True
Let q(c) = -637*c**3 + 11*c**2 + 3*c - 14. Is q(-9) a prime number?
False
Let s(b) = b**2 + 30*b + 71. Let m be s(-3). Is 13525/m*-4*12/40 composite?
True
Let y = -115859 + 234988. Is y a composite number?
False
Suppose -14*z = -24*z + 35380. Let a = z - 2181. Is a prime?
False
Suppose 35*y + 87*y = 31154042. Is y prime?
True
Suppose -20068 = -4*h + 59240. Let g = h + -8278. Is g composite?
False
Let w be 1/(28/70300) - (-2)/7. Let t = w - 338. Is t a prime number?
False
Suppose -149209 = -10*f - 3*f + 197722. Is f prime?
True
Let s(g) = 125*g - 6. Let x(y) = -y - 2. Let z be x(3). Let m(r) = -248*r + 12. Let o(t) = z*s(t) - 3*m(t). Is o(5) prime?
False
Is -4 + 49/7 + (1 - 6) + 136891 prime?
True
Let j(p) = 10*p**2 - 12*p - 2. Let m be j(11). Suppose 3*c = 6*c - q - m, -4*q - 1082 = -3*c. Suppose -16*n + 18*n - c = 0. Is n prime?
True
Is 92892 + 7/(-21)*-12 + -9 + 0 a composite number?
True
Let b = 75155 + 486. Is b prime?
True
Let i(n) = 2464*n - 1039. Is i(18) composite?
False
Suppose -4*c = -0*c - 24. Suppose 0 = 4*x - c*x + 4476. Suppose -761 = m - x. Is m a composite number?
True
Suppose -25 = u + 10. Let t = u - -29. Is (-3792)/(-15) + t/(-30) a prime number?
False
Let s = 44 + -14. Is 4*((-20)/s)/((-16)/5154) a composite number?
False
Suppose -13*y + 429 = 65. Let d(c) = 3*c**2 + 42*c - 39. Is d(y) a composite number?
True
Let u(n) be the third derivative of -7/6*n**3 + 1/12*n**4 + 0*n + 1/15*n**5 + 2*n**2 + 17/60*n**6 + 0. Is u(3) a prime number?
True
Let z = 30 + -28. Suppose v - z*v = 5*j - 13715, 5*j - 13725 = v. Suppose 15*b - j = 7351. Is b a prime number?
True
Let h = 99 - 64. Suppose -h = -3*y - 47. Is 2/y*(1582/1)/(-1) composite?
True
Let p be 30130/45 + 12/27. Let r = p - 1955. Is r/(-10) - (-1)/2 a composite number?
True
Suppose 16311 - 1823 = 4*v. Suppose -4*c + 3742 = -v. Suppose 2*g = g + c. Is g a composite number?
True
Suppose 0 = 3*d + 24*d - 17037. Suppose -12*a = -293 - d. Is a a composite number?
True
Let n be (-6)/4*(-40)/15. Suppose -v + 18 = -n. Let g = v - 16. Is g a prime number?
False
Suppose 0 = -6*g - 15661 - 63437. Let y = -3416 - g. Is y a composite number?
False
Let g be 2 + (-7)/2 + 213/6. Suppose -29*i - 3900 = -g*i. Suppose 2*y - 3050 = -3*t, -5*y + 3*t + i + 6887 = 0. Is y a prime number?
True
Is (-17)/(408/(-432)) + 88879 a composite number?
False
Let p(q) = -25*q - 75. Let y be p(-19). Let j = -69 + y. Is j prime?
True
Suppose -2*l = -8 - 2, -2 = -m + 4*l. Let k = 32 - m. Suppose -2*f + 1068 = k*f. Is f a composite number?
False
Suppose -5*w = 4*h - 126309 + 6341, 30007 = h + 5*w. Is h a composite number?
True
Suppose -110 + 150 = -d. Let c = 559 + d. Is c prime?
False
Suppose 4*r = q - 0*q - 20, -5*q + 15 = -3*r. Suppose -3*k - 12*k - 183660 = q. Is (-8)/(-10) + k/(-20) a composite number?
False
Suppose 2*f - 59200 = 3*m, -5*m + 59216 = 15*f - 13*f. Is f a prime number?
False
Suppose 43*i - 2*w = 45*i - 461602, -1154065 = -5*i + 5*w. Is i composite?
False
Let u = 236985 - 76936. Is u a composite number?
False
Suppose -4*q = -4*x + 6896, 2*x + 12*q - 3450 = 16*q. Let i = x - -142. Is i composite?
True
Suppose 40*l + 2121154 = 54*l. Is l a composite number?
True
Suppose -3*r - 1992 = -2*r - 3*s, 5*r + 4*s = -9903. Let n = r + 3322. Is n a composite number?
True
Let t(u) = u**2 - 6*u + 11. Suppose -4*h + 25 = -5*v, -4*h + 3 + 19 = -2*v. Let z be t(h). Is 3219/27 + z/(-27) a prime number?
False
Is 8 + 5/(15/(-22)) + 728620/12 prime?
True
Let z = -546454 - -796145. Is z composite?
True
Let x(j) = -14*j - 92. Let o be x(-6). Let w(p) = -212*p + 7 + 4 - 14 + 0. Is w(o) composite?
False
Let u = -44 - -94. Let j(c) = -136*c - 21 + 30 + u. Is j(-12) a prime number?
False
Let b(p) = p**3 - 12*p**2 + 13*p - 9. Let n be b(11). Let q be (2 - 1)*61360/n. Suppose -q = -2*z + r, 7*r + 4728 = 2*z + 2*r. Is z a composite number?
True
Let y(t) = 10934*t**2 + 11*t - 5. Let u(z) = 2*z**3 - 12*z**2 + 2*z - 10. Let g be u(6). Is y(g) prime?
True
Let b(z) be the first derivative of 5*z**3/3 + 13*z**2/2 - 11*z + 156. Is b(14) a composite number?
False
Let u = 102 - 102. Let l(j) = -j**3 - 3*j**2 - 3*j + 1438. Is l(u) prime?
False
Suppose -7*i = -950 - 310. Is 64047/19 - i/(-1710) prime?
True
Let d(t) be the first derivative of -252*t**2 - 73*t - 281. Is d(-18) a composite number?
False
Let k be 2 - 3 - (-2)/2. Suppose -3*z + 59 + 25 = k. Suppose 24*a + 1276 = z*a. Is a a prime number?
False
Is ((-21)/6 + 6 + -3)*442146/(-3) composite?
True
Suppose -5*w + 15 = 0, -w = -5*g - 14 + 36. Suppose g*d = 3*h - 7692 - 5158, -d + 1 = 0. Is h composite?
True
Let a = -40 + 28. Let l be 9/(-3)*14/a*310. Suppose 5*b - l = -0*b. Is b prime?
False
Let g(p) = 3*p + 12. Let s be g(-6). Is 2*3/s + 1219 + 11 composite?
False
Let j(m) = m**3 + 20*m**2 + 18*m - 23. Let f be j(-19). Let z be 4*(2 + -74)*f. Suppose 0 = 6*l - l - 2*i - 2869, 2*l - z = 3*i. Is l prime?
False
Suppose 17512 = 23*z - 68577. Is z composite?
True
Suppose 3*n - 5*n + 3*c + 243733 = 0, 4*c = -2*n + 243670. Is n a prime number?
True
Suppose 0 = -2*u + 8 + 12. Suppose u*m = -81584 + 202354. Is m composite?
True
Let i = -4848 - -8659. Is i a composite number?
True
Let f = 21095 - -95898. Is f composite?
False
Let l(h) = h**3 - 46*h**2 + 138*h + 223. Is l(50) a prime number?
True
Let r be ((-4)/(-2) - 0) + 8/4. Let w(q) = -6*q + 16. Let i be w(r). Is (2108/i)/(5/(-10)) a prime number?
False
Suppose 169763310 = 417*y - 147*y. Is y composite?
False
Let p(w) = -w**3 + 39*w**2 - 39*w + 38. Let n be p(38). Suppose -2*q - 5*r + 249 = n, 5*r - 10 = 5*q - 650. Is q prime?
True
Suppose 10*v - 7*v = -51. Let f = v - -20. Suppose -f*g + 670 = -g. Is g a composite number?
True
Let i(o) = 58*o - 1 + 387*o + 239*o + 55*o. Let r(y) = -2*y**2 - 7*y + 6. Let j be r(-4). Is i(j) prime?
False
Let p(u) = 10*u**3 + 86*u**2 + 101*u - 52. Let k(l) = -3*l**3 - 29*l**2 - 34*l + 17. Let n(g) = -7*k(g) - 2*p(g). Is n(-23) a composite number?
False
Let j = 36 - 38. Let x be (-68)/(-12) - (j - (-24)/9). Suppose x*s - 2*t = -t + 802, -3*t - 152 = -s. Is s composite?
True
Let i(r) = -2061*r + 1. Let q be i(-1). Suppose -111*y + 30291 = -134*y. Let p = y + q. Is p prime?
False
Let h(f) = 4*f + 126. Let n be h(-31). Let k(u) = -9*u**2 + 1. Let g be k(-1). Is (-4779)/(-12) + n/g a composite number?
True
Let h(g) = 995*g**2 - 1307*g - 3. Is h(5) composite?
True
Let t = 3 + -7. Is 72/(-20) - t - 76572/(-20) prime?
False
Let k(z) = -2*z + 14. Let t be k(8). Let q = t + 5. Suppose q*o = -l + 851, -3*l - o + 4311 = 2*l. Is l a prime number?
True
Suppose -399866 = -5*z + 3*s - 0*s, 2*z = 5*s + 159973. Is z a prime number?
False
Let u(g) = g**2 + 10*g + 11. Let y be u(-9). Let t be ((-696)/2)/(y/((-290)/(-5))). Is t/(-15) + 6/30 prime?
True
Let o(w) = -3*w + 50. Let h be o(10). Suppose 0 = 2*i - 28 + h. Suppose 2*m + 2 = 0, -3*g + 377 = i*m - 756. Is g composite?
False
Let z be (3240/22)/4 - 8/(-44). Let c = 41 - z. Suppose -5*y + c*y + 2 = 0, 4*y = 5*s - 5297. Is s prime?
True
Let g(f) = f - 17. Let w be g(17). Let j be -14 + (-2 + 6 - w). Is (-425)/(-4) - j/(-40) a prime number?
False
Let z = 2538476 - -138975. Is z a composite number?
True
Let w = 4 + 0. Suppose 2*y - w*y + 3*f + 16 = 0, y - 4*f = 18. Suppose 4*p = c + 637 + 421, y*c = 3*p - 791. Is p composite?
True
Let z = -44 + 239. Suppose 3*m - 3451 = -2*j, -2*j - 5*m = -3636 + z. Is j a prime number?
True
Let x = 225 + 2514. Suppose 0*c + c - 446 = 0. Let u = x - c. Is u a prime number?
True
Suppose -6983 = -7*w + 31265. Suppose 92*o = 94*o - 12. Suppose o*m = 10*m - w. Is m prime?
False
Let x(m) = -m**3 + 17*m**